e factors of x(-11).
37
Let q(h) = -3*h - 11. Let w(g) = g**3 - 4*g**2 + g + 1. Let d be w(3). What are the prime factors of q(d)?
2
Suppose -5*a = r - 5*r - 377, 0 = -a - 4*r + 85. List the prime factors of a.
7, 11
Suppose -2*d = 3*w + 5, 13 = d - 5*w - 4. Let k(m) = -3*m**3 + 4*m**2 - 3*m. Let t be k(d). Let y = t + 26. List the prime factors of y.
2, 3
Suppose -t - 1 = 0, 2*x - 5*t = -0*x + 13. Let j be (66/(-12))/(2/x). Let b = j - -20. What are the prime factors of b?
3
Let f(p) = 2*p**2 + 21*p - 9. Let m(c) = -c**2 - 10*c + 5. Let s(y) = -3*f(y) - 7*m(y). Let k be (-17)/2 - (-2)/(-4). List the prime factors of s(k).
2, 5
Suppose -2*w - 230 = -868. What are the prime factors of w?
11, 29
What are the prime factors of 40/(-5)*(-3 - -1)?
2
Suppose -2*h = -6*h - 28. Let o(z) = -z**2 - 9*z - 8. What are the prime factors of o(h)?
2, 3
Let q be (7/21)/(2/54). Suppose s - q = d, s - 30 = 5*d - 1. Suppose 3*u = v - 1, -5*v - s*u + 3 = -97. What are the prime factors of v?
2
Let v(k) = -k**3 - 7*k**2 - 8*k + 1. Suppose -18 = -h + 12. Suppose -3*a + h = -8*a. List the prime factors of v(a).
13
Let r = 51 - 30. What are the prime factors of r?
3, 7
Let s be -2 + 5 - (3 + -5). Let q be (5 + 1)*s/10. Let a = 11 - q. What are the prime factors of a?
2
Let o(s) = s**2 + 7*s + 8. What are the prime factors of o(-7)?
2
Suppose 0 = -2*v - 5*n + 39 - 10, 0 = -v + n - 3. Suppose 0 = v*j - 3*j + 3. What are the prime factors of j?
3
Let q(g) = -g - 3*g**2 + 2 - 6*g - g**3 + 14*g - 1. Suppose 3*c + 3*f + 15 = 0, 3*c + 10 = -5*f - 5. What are the prime factors of q(c)?
2
Let l = 10 - -7. Let p = -6 + l. Suppose -2*c + p - 3 = 0. List the prime factors of c.
2
Suppose 5*n - 4 - 6 = 0. Let c(v) = 2*v**2 - 3*v + 3. Let i be c(n). Suppose 0 = -3*f + 2*h + 32, -14 = -i*h - 4. What are the prime factors of f?
2, 3
Suppose -1 - 2 = -3*z. Suppose f - 9 = z. Let o = 21 - f. List the prime factors of o.
11
Let b = 16 + -27. Let h be 16 + 4 - (0 + -1). Let q = h + b. What are the prime factors of q?
2, 5
Suppose -c - 5*x - 15 = 0, 21 = -5*c + 6*c - 4*x. List the prime factors of c.
5
Suppose 0*o - 4*o = -3*u - 11, 0 = 2*u + 2. Suppose 4 = o*j - 2. Suppose 9 = j*x + z, -x - 4*z = 10 - 2. List the prime factors of x.
2
Suppose -5*q = 5, 2*q = 2*v - 11 - 61. List the prime factors of v.
5, 7
Suppose -3*q + 16 = -14. Let g = q + 8. What are the prime factors of g?
2, 3
Let l(p) = -p**3 - 4*p**2 + 5*p - 3. List the prime factors of l(-6).
3, 13
Let c(s) = 4*s. Let u be 2/(1 - (-5)/(-3)). Let m = u + 5. What are the prime factors of c(m)?
2
Let n(b) = 2*b. Let i be n(5). Let z = -7 + i. What are the prime factors of z?
3
Let z(y) be the first derivative of -y**4/4 + 7*y**3/3 - 2*y**2 - 8*y + 4. What are the prime factors of z(6)?
2
Let s = -14 - -25. Suppose -5*w + 46 = s. List the prime factors of w.
7
Suppose 920 = 3*d + 5*d. List the prime factors of d.
5, 23
Let z = 36 - 26. Suppose -z = 4*q - x, -2*x - x = -6. List the prime factors of (-1)/q - (-62)/4.
2
Let z be (2 + 0)/(-2) + 1. Suppose j - 6*j = 4*c - 3, z = j - 2*c - 9. Suppose 0 = -5*k + 2*p + 11, -1 = -j*k + 3*p + p. What are the prime factors of k?
3
Suppose -15 + 7 = -w. What are the prime factors of w?
2
Suppose -89 = -7*m - 26. What are the prime factors of m?
3
Let o be 11/2 + (-1)/(-2). Suppose 0 = 3*c - t + o*t - 30, -5*c - t = -28. Suppose -3*l = 9, -c*l - 3 = -4*k + 24. What are the prime factors of k?
3
Let g = -4 + 6. Suppose 5*q - 28 = g*q - 4*s, -4*q + 4*s = 0. List the prime factors of q.
2
Let n(p) be the third derivative of 0 + 1/4*p**4 + 0*p + 1/60*p**5 + 2*p**2 + p**3. What are the prime factors of n(-8)?
2, 11
Suppose -3*a = -0*a + 15. List the prime factors of a/20 + (-82)/(-8).
2, 5
Suppose 0 = 2*r, 0 = -0*z + 2*z - 3*r - 12. Suppose -12 = -4*a - 4*g, -2*a = -3*g + 4*g - z. Suppose -c = -a*c + 26. List the prime factors of c.
13
Let z be (46/(-4))/((-4)/8). Suppose x - 23 = -p, -x + z = -p - p. What are the prime factors of x?
23
Suppose 33*i + 628 = 37*i. List the prime factors of i.
157
Suppose -4*q + 2*u - 5*u + 711 = 0, 3*u = -2*q + 357. List the prime factors of q.
3, 59
What are the prime factors of ((-1062)/72)/(1/(-12))?
3, 59
Let x = -5 + 5. Suppose x = z - 1 - 0. What are the prime factors of ((-2)/(-3))/z*3?
2
Let n = -22 - -41. Suppose 0 = 4*z + 2*q - 58, -2*z - 2*q = -z - n. What are the prime factors of z?
13
Let o be (4/(-10))/(1/(-25)). Let c = -6 - o. Let q = -5 - c. List the prime factors of q.
11
Let g = -5 + 8. Let w = 15 - g. Suppose -3*a + 39 = -a + 5*z, -a = -5*z - w. List the prime factors of a.
17
Let a(n) = n**3 + 9*n**2 - 12*n + 14. What are the prime factors of a(-10)?
2, 17
Let y(j) be the first derivative of -3 + j + 1/3*j**3 - j**2 + 15/4*j**4. List the prime factors of y(1).
3, 5
Let u be 3*(-2)/((-12)/10). Let z = u - 2. Suppose 10 = z*d - 11. List the prime factors of d.
7
Let l be 2/9 + (-33)/27. List the prime factors of (-4 - 0)*(l + 0).
2
Let o = 23 + -34. Let p = 16 + o. Suppose -2*x + u = -3, -3*x = 4*u - 26 + p. List the prime factors of x.
3
Suppose 10*s + 280 = 15*s. What are the prime factors of s?
2, 7
Let n = 0 - -3. List the prime factors of 6*6/27*n.
2
Let c = 86 + -58. Let z = -11 + c. What are the prime factors of z?
17
Suppose g - 23 = -0*g. What are the prime factors of g?
23
Suppose 427 = 3*i + 3*g + 2*g, 4*g = -3*i + 425. List the prime factors of i.
139
Let f = -12 + 12. Suppose 3*p - 5*y - 90 + 34 = f, -5*p - y = -140. What are the prime factors of p?
3
Suppose -1 = 4*p - 21. Let i = p + 0. What are the prime factors of i?
5
Suppose 0 = -w - o + 6*o + 11, 14 = 3*w + 4*o. Let b be 0*(-3)/w + 2. Suppose -2*i = -b - 22. What are the prime factors of i?
2, 3
Suppose g + 2*l = -2, -2*g - 3*l + 0*l = -1. What are the prime factors of g?
2
Let c(g) = 3*g**2 - g - 2. Let h be c(2). Suppose i - h = -6. Suppose i*b - 32 = -8. List the prime factors of b.
2, 3
Suppose -433 = -3*t + 2*y + 3*y, 0 = -t + y + 143. What are the prime factors of t?
3, 47
Suppose 0 = l + 3 - 5. Suppose 0 = -5*j - a + 35, 0 = -5*j - l*a - 0*a + 35. Let z = 12 - j. What are the prime factors of z?
5
Let x be (-2)/(-9) - 75/(-27). Suppose 3*l - 21 = l - x*w, 3*l - w = 26. Suppose -3*u = -54 + l. What are the prime factors of u?
3, 5
Suppose -111 = 4*j + 49. Let x be 1/(2/j) + -2. Let d = -10 - x. List the prime factors of d.
2, 3
Let g be 6 + 3*(-3)/3. Suppose 35 = 3*k - k + 3*r, 0 = -5*k + g*r + 56. Let v = k - -10. What are the prime factors of v?
23
List the prime factors of 170 - 6/2 - 0/6.
167
Suppose -10 = -n - 5. Suppose 0 = 4*h + 16, a + 2*h - 2 = n*h. List the prime factors of (6/(-15))/(2/a).
2
Let s(f) = f**3 + 10*f**2 + f + 13. Let v be s(-10). Suppose -2*m = -v - 1. Suppose -b = m*b - 6. List the prime factors of b.
2
Let y(k) = -3*k**3 - 6 - 4*k + 0*k**3 + 7*k**2 + 2*k**3. Suppose 3 = 3*b - 3, 5*d - 38 = -4*b. What are the prime factors of y(d)?
2, 3
Let g(o) = -21*o - 2. List the prime factors of g(-14).
2, 73
Suppose -40 = -2*g - 2*g + 5*j, -5*g - 2*j = -17. Suppose -258 = -g*d + 4*l, 4*d + 0*d = -3*l + 194. List the prime factors of d.
2, 5
Let u = -12 + 17. Let v(o) = 9*o - 1. Let h(g) = 10*g. Let x(l) = -6*h(l) + 7*v(l). List the prime factors of x(u).
2
Suppose -x - 3*x = -12. Suppose 0 = 2*l - 5 - 3. Suppose 0 = -l*u + 5*n, -x = -n + 1. What are the prime factors of u?
5
Let u = -23 + 16. List the prime factors of 1/(-2)*168/u.
2, 3
Let x(v) = -2*v + 55. What are the prime factors of x(0)?
5, 11
Suppose -4*f = w + 5, 10 = 4*f - 0*f - 2*w. Let j = f - 1. What are the prime factors of -2*(-1)/2 - j?
2
Suppose 12 = -x + 2*l, 3*x + 53 = -x + 3*l. What are the prime factors of x/(-3)*(-54)/(-63)?
2
Suppose 3*a = -9 - 12. Let w = 11 + a. What are the prime factors of w?
2
Suppose 2*x - 8 = 0, -w - 7*x + 65 = -2*x. List the prime factors of w.
3, 5
Let j(d) = 2*d**2 - 4*d + 10. List the prime factors of j(5).
2, 5
Let v = -51 - -78. Let o = v + -16. What are the prime factors of o?
11
Let n(u) = 44*u**2 + 3*u - 2. What are the prime factors of n(1)?
3, 5
Let y = 210 - 103. What are the prime factors of y?
107
Suppose 8 = s - 0*s. Suppose b - 3*b - s = r, -19 = -2*r + 3*b. Suppose r*q - 8 = q. List the prime factors of q.
2
Suppose -t - 3*t + 16 = 0. What ar